+ 12. Suppose 16*v - 154 - 134 = 0. Calculate the remainder when v is divided by g(5).
4
Suppose -5*q = -3*v + 25, -2*q + 1 = -0*q + v. What is the remainder when (-27)/(q*(-2)/(-4)) is divided by 10?
7
Suppose -2*p - 26 = -5*f, -f - 2*p + 6 = 2*f. Suppose 2*j + 32 = f*j. What is the remainder when j is divided by -6*(-2)/(2/1)?
4
Let c(a) be the second derivative of a**4/6 + 7*a**3/6 - 5*a**2/2 - 5*a. Suppose 16 = 2*b - 22. What is the remainder when c(4) is divided by b?
17
Suppose -21 = z + 12. Let u be 12*1/2*9. Let f = u + z. Calculate the remainder when f is divided by 11.
10
Suppose 2*m - 30 = -0*m. Let l be 9/m - (-12)/5. Suppose -2*f = l*f - 85. Calculate the remainder when 33 is divided by f.
16
Let l be 97 + 2/6*0. Suppose -p = -2*r - 3*p + 52, 4*r - l = 3*p. What is the remainder when r is divided by 14?
11
Let l(k) = 4*k + 45. What is the remainder when 50 is divided by l(-7)?
16
Let l(n) = n**3 + 6*n**2 + 2*n - 20. Suppose -2*b + 20 = -0*b. Calculate the remainder when b is divided by l(-4).
2
Calculate the remainder when ((-52)/6)/(47/(-15) + 3) is divided by 11.
10
Let x(r) = r**2 + r + 5. What is the remainder when 22 is divided by x(0)?
2
Suppose -1060 + 268 = 5*u - 4*l, -482 = 3*u + l. Let v = 13 + -8. Calculate the remainder when 6/(-5)*u/24 is divided by v.
3
Suppose 2*h + 4 = 12. Suppose h*w - 2*i = 154, -w + 2*w - 38 = i. What is the remainder when w is divided by 20?
19
Suppose 0*h - 2*h = 4. Let w be ((-1)/h)/((-3)/(-24)). Suppose w = 3*x + x. Calculate the remainder when 1 is divided by x.
0
Suppose y + 2*w = 70, -4*y - 3*w = -18 - 267. Let f = y + 1. Suppose -2*m + 54 = 4. Calculate the remainder when f is divided by m.
23
Suppose 5*i - 5*v - 16 + 1 = 0, 5*i + 3*v = 7. Suppose 4 + 4 = q + i*l, -4*q - 3*l + 42 = 0. Calculate the remainder when 34 is divided by q.
10
Let k = -52 + 136. What is the remainder when k is divided by 11?
7
Let s(w) = 4*w. Suppose -4*v - 10 - 10 = 0, -4*v = 5*u - 5. Suppose 37 = -u*m + 92. What is the remainder when s(m) is divided by 15?
14
Suppose -5*h + 34 = -4*n, 2*n + 16 = 6*n. Calculate the remainder when 19 is divided by h.
9
Let r = 31 - 26. Suppose r*b - 3*b - 22 = 0. Calculate the remainder when 42 is divided by b.
9
Let w = 8 + -5. Let s(n) = -3*n + 2*n + 2*n. Calculate the remainder when s(7) is divided by w.
1
Let o(s) = s**3 + s**2 - 16. Let y be o(0). Let g = y + 23. Calculate the remainder when 25 is divided by g.
4
Suppose 7*t = 3*t + 36. What is the remainder when 43 is divided by t?
7
Let m = 84 + -66. Calculate the remainder when 122 is divided by m.
14
Suppose -19 = -2*a - 1. Let b(z) = z**3 - z**2 - z + 25. Calculate the remainder when b(0) is divided by a.
7
Let v be 2 - 0/3 - -16. Let x = v - 5. Suppose -2*q = -3*q + x. Calculate the remainder when 24 is divided by q.
11
Let v(w) = -5*w**3 - 3*w**3 - 2*w**2 + 1 - 4*w**3. Let b be (2*-2)/(-4)*-1. Calculate the remainder when 20 is divided by v(b).
9
Suppose 74 = 3*s - 4*u, 2*u = 5*s - 21 - 93. Let b(n) = n**2 + 7*n + 8. What is the remainder when b(6) is divided by s?
20
Suppose 4*y = 8, -5*w + 2*w + 32 = 4*y. Suppose 5*z = 4*f - 8*f + 35, -f - 5*z + 20 = 0. Calculate the remainder when w is divided by f.
3
Let s(g) = 6*g + 5. Let k be s(9). Suppose -d = a + 4*d - k, d = a - 59. Calculate the remainder when a is divided by 15.
14
Let a(y) = -8*y**3 - y**2. Suppose t - 5 = -4*t. Calculate the remainder when t*1/1 - -11 is divided by a(-1).
5
Let y = 12 - 2. Let r = y + -6. What is the remainder when 2*(-6)/r - -19 is divided by 9?
7
Suppose -4*n + 105 = 4*a + 9, 3*a = 2*n + 62. Calculate the remainder when 86 is divided by a.
20
Suppose s = 5*s - 104. Suppose 0 = -4*i, -3*o + 0*o - i + 42 = 0. What is the remainder when s is divided by o?
12
Suppose -2 = r - 7. Suppose 105 = r*l + 35. Calculate the remainder when 40 is divided by l.
12
Suppose -3*f = -4*v - 131 - 163, -4*f = 4*v - 392. What is the remainder when f is divided by 25?
23
Suppose 0 = 5*n + w + 6 + 1, 3*n - 5*w = 7. Let h be -6*(n + 5/2). Let j = h + 17. What is the remainder when 14 is divided by j?
6
Suppose -v = 20 - 4. Let w = 8 - v. Calculate the remainder when w is divided by 7.
3
Let r = 13 - 4. What is the remainder when 51 is divided by r?
6
Let x(a) = 7*a + 12. Let u be x(-10). What is the remainder when 5/(-15) - u/3 is divided by 10?
9
Let g(f) = f**2 - 12*f - 4. Calculate the remainder when g(13) is divided by 3.
0
Let g be 1/4 + (-62)/(-8). Suppose -g = -7*v + 3*v. Let c(a) = 3*a. Calculate the remainder when 11 is divided by c(v).
5
Suppose s + 30 = 4*s. What is the remainder when ((-19)/4)/(3/(-12)) is divided by s?
9
Let k be (-4)/(2*(-3)/(-12)). Let d = 15 - k. What is the remainder when 45 is divided by d?
22
Let a be 2/(1*(0 - -1)). Suppose -j - 4 = -3*v, v - 6 = 7*j - a*j. What is the remainder when ((-2)/(-4))/((-1)/(-4)) is divided by v?
0
Let q be 2 + -4 - (-62 - 2). Let o = -41 + q. Let y = -1 - -9. Calculate the remainder when o is divided by y.
5
Let c(q) = 3*q - 6. Let b(i) = -i. Let f(o) = -3*b(o) + c(o). What is the remainder when f(6) is divided by 16?
14
Let b(p) = p**2 + 7*p + 14. Let d(l) = l + 6. Let j(z) = z**3 - z - 4. Let h be j(0). Calculate the remainder when b(-4) is divided by d(h).
0
Let f be (-30)/(-3) - (-3)/3. Suppose h - 41 = -4*h + 3*g, -2*h + f = -3*g. What is the remainder when 47 is divided by h?
7
Suppose -2*h - 201 = 205. Let u = 301 + h. What is the remainder when u is divided by 25?
23
Let l(c) = -11*c**3 + c**2 + 2*c + 1. Let o = 4 - 5. Calculate the remainder when l(o) is divided by 4.
3
Suppose -2*z = -5*r + 24, -5*r - 2*z - 2*z + 12 = 0. Suppose -q + 19 = -3*g, -r*q + 0*g = -4*g - 52. What is the remainder when 16 is divided by q?
6
Suppose -25 - 87 = -2*g. Let z(q) = 19*q. What is the remainder when g is divided by z(1)?
18
What is the remainder when 38/2 + 4 + -4 is divided by 10?
9
Suppose -3*t - 157 = -4*f, 0*f - 5*t = 4*f - 133. What is the remainder when f is divided by 19?
18
Suppose -5*f - 262 = -7*f. Calculate the remainder when f is divided by 33.
32
Suppose -c + 29 = 4. What is the remainder when 47 is divided by c?
22
Let u(j) = 3 - 15 + 6*j + 1 - 10. What is the remainder when u(16) is divided by 19?
18
Let q = 2 + 2. Let t(h) = -h**2 - 13*h - 9. What is the remainder when t(-11) is divided by q?
1
Let v = 5 - 17. Let h be (v/3)/2 + 7. Calculate the remainder when h*((-16)/(-5) - 0) is divided by 9.
7
Suppose 5*j - 19 = -4*b, 0*j - 2*j - 3*b = -2. Let t = 23 - j. Calculate the remainder when t is divided by (-23)/(-4) - (-1)/4.
4
Suppose q - 72 = 2. What is the remainder when q is divided by 19?
17
Suppose -5*t = 3*y - 2*t - 75, -2*t = 6. What is the remainder when y is divided by 19?
9
Let g(h) be the second derivative of h**3/6 + 11*h**2/2 + h. Calculate the remainder when 42 is divided by g(0).
9
Suppose -2*y - y = -9. Suppose 3*a = -y*h + 6, -2*a = -2*h - 3*h - 4. Suppose 3 = n - h*n. What is the remainder when n is divided by 2?
1
Suppose 0*h + 48 = h + 3*l, -4*h = -2*l - 178. Let y = h + -1. What is the remainder when y is divided by 15?
14
Suppose 0 = 5*r - 5, 5*r - 6 = 4*f - 17. Suppose -f*a = -0*w + 4*w - 12, 20 = 5*w + 4*a. What is the remainder when 23 is divided by w?
7
Let l(y) = 2*y + 11. What is the remainder when l(12) is divided by 9?
8
Let l(o) = 2*o**2 + 3*o - 3. Let a be l(4). Suppose -3*f + 7 = -a. What is the remainder when f is divided by 9?
7
Let x = 0 - -4. Calculate the remainder when 9 is divided by x.
1
Suppose -2*s = -5*n - 172, -4*s + n - 5*n + 288 = 0. Calculate the remainder when s is divided by 26.
24
Let w be -6*(12/(-9))/2. Suppose y = -3*s + 34, y + 4*y + w*s - 126 = 0. What is the remainder when 42 is divided by y?
20
Let o(h) = -h**3 + 6*h**2 + h - 6. Let j be o(6). Suppose -3*a + 105 = -j*a. Calculate the remainder when a is divided by 12.
11
Let n(z) = -z - 2 + 7*z - 3 - 8*z. Let c be n(5). What is the remainder when 35 is divided by ((-81)/c + -3)*5?
11
Suppose 2*b + 2*o + 2*o = -14, -o = -3*b. What is the remainder when (-2)/(6/(-39)) + b is divided by 3/9*7*3?
5
Let r(z) = -17*z - 89. Calculate the remainder when r(-7) is divided by 7.
2
Suppose 2*l + 5*o = -170, -3*o - 520 = 5*l - 57. Let d = -17 - l. Let h = d + -56. What is the remainder 